{"id":529,"date":"2017-01-10T23:57:03","date_gmt":"2017-01-10T23:57:03","guid":{"rendered":"http:\/\/import.getbowtied.com\/shopkeeper-replica\/?page_id=529"},"modified":"2021-07-08T14:51:57","modified_gmt":"2021-07-08T12:51:57","slug":"home-classic-1","status":"publish","type":"page","link":"https:\/\/crea-protect.com\/","title":{"rendered":"Home \u2014 Cr\u00e9a-protect"},"content":{"rendered":"<p>[vc_row full_width=&#8221;stretch_row_content_no_spaces&#8221; css_animation=&#8221;fadeIn&#8221;][vc_column]<style>.shortcode_getbowtied_slider .shortcode-slider-pagination .swiper-pagination-bullet.swiper-pagination-bullet-active:after{background-color: #0a0a0a;}<\/style>\n\n\t\t<div class=\"shortcode_getbowtied_slider swiper-container swiper-69d38f274a48e full_height\" style=\" width: 100%\" data-autoplay=\"10\" data-id=\"69d38f274a48e\">\n\t\t\t<div class=\"swiper-wrapper\">\n\t\t\t\n\t\t\t<div class=\"swiper-slide left-align\"\n\t\t\tstyle=\t\"background: #c5c5c7 url(https:\/\/crea-protect.com\/wp-content\/uploads\/2021\/06\/top-view-of-hand-putting-on-glove-with-hand-sanitizer-and-medical-mask-scaled.jpg) center center no-repeat ;\n\t\t\t\t\t-webkit-background-size: cover;\n\t\t\t\t\t-moz-background-size: cover;\n\t\t\t\t\t-o-background-size: cover;\n\t\t\t\t\tbackground-size: cover;\n\t\t\t\t\tcolor: #000000\">\n\t\t\t\t\n\t\t\t\t<div class=\"slider-content\" data-swiper-parallax=\"-50%\">\n\t\t\t\t\t<div class=\"slider-content-wrapper\">\n\t\t\t\t\t\t<h2 class=\"primary_font\" style=\"color:#000000;font-size:50px;line-height: 50px\">Produits hygi\u00e8ne et EPI<\/h2>\n\t\t\t\t\t\t<p class=\"primary_font\" style=\"color:#000000;font-size:21px;line-height: 21px\">D\u00e9couvrez nos produits d'hygi\u00e8ne et l'ensemble de nos EPI !<\/p>\n\t\t\t\t\t\t<a class=\"button\" style=\"color:#ffffff !important;background: #000000 !important\" href=\"https:\/\/crea-protect.com\/index.php\/produit\/porte-clef-anti-contact\/\">d\u00e9couvrir<\/a>\n\t\t\t\t\t<\/div>\n\t\t\t\t<\/div>\n\t\t\t<\/div>\n\t\t\t<div class=\"swiper-slide left-align\"\n\t\t\tstyle=\t\"background: #c5c5c7 url(https:\/\/crea-protect.com\/wp-content\/uploads\/2021\/06\/cleaning-concept-with-space-on-left-scaled.jpg) center center no-repeat ;\n\t\t\t\t\t-webkit-background-size: cover;\n\t\t\t\t\t-moz-background-size: cover;\n\t\t\t\t\t-o-background-size: cover;\n\t\t\t\t\tbackground-size: cover;\n\t\t\t\t\tcolor: #000000\">\n\t\t\t\t\n\t\t\t\t<div class=\"slider-content\" data-swiper-parallax=\"-50%\">\n\t\t\t\t\t<div class=\"slider-content-wrapper\">\n\t\t\t\t\t\t<h2 class=\"primary_font\" style=\"color:#000000;font-size:50px;line-height: 50px\">Produits d'entretien<\/h2>\n\t\t\t\t\t\t<p class=\"primary_font\" style=\"color:#000000;font-size:21px;line-height: 21px\">D\u00e9couvrez nos produits de mat\u00e9riels d'entretien !<\/p>\n\t\t\t\t\t\t<a class=\"button\" style=\"color:#ffffff !important;background: #000000 !important\" href=\"https:\/\/crea-protect.com\/index.php\/produit\/masque-tissu-covid\/\">d\u00e9couvrir<\/a>\n\t\t\t\t\t<\/div>\n\t\t\t\t<\/div>\n\t\t\t<\/div>\n\t\t\t<div class=\"swiper-slide left-align\"\n\t\t\tstyle=\t\"background: #c5c5c7 url(https:\/\/crea-protect.com\/wp-content\/uploads\/2021\/06\/close-up-of-hard-hat-holding-by-construction-worker-scaled.jpg) center center no-repeat ;\n\t\t\t\t\t-webkit-background-size: cover;\n\t\t\t\t\t-moz-background-size: cover;\n\t\t\t\t\t-o-background-size: cover;\n\t\t\t\t\tbackground-size: cover;\n\t\t\t\t\tcolor: #000000\">\n\t\t\t\t\n\t\t\t\t<div class=\"slider-content\" data-swiper-parallax=\"-50%\">\n\t\t\t\t\t<div class=\"slider-content-wrapper\">\n\t\t\t\t\t\t<h2 class=\"primary_font\" style=\"color:#000000;font-size:50px;line-height: 50px\">\u00c9quipement pour le BTP<\/h2>\n\t\t\t\t\t\t<p class=\"primary_font\" style=\"color:#000000;font-size:21px;line-height: 21px\">D\u00e9couvrez nos EPI pour le secteur du b\u00e2timent !<\/p>\n\t\t\t\t\t\t<a class=\"button\" style=\"color:#ffffff !important;background: #000000 !important\" href=\"https:\/\/crea-protect.com\/index.php\/produit\/masque-tissu-covid\/\">d\u00e9couvrir<\/a>\n\t\t\t\t\t<\/div>\n\t\t\t\t<\/div>\n\t\t\t<\/div>\n\t\t\t<\/div>\n\t\t\t\t<div style=\"color: #0a0a0a\" class=\"swiper-button-prev\"><i class=\"spk-icon spk-icon-left-arrow-thin-large\"><\/i><\/div>\n    \t\t\t<div style=\"color: #0a0a0a\" class=\"swiper-button-next\"><i class=\"spk-icon spk-icon-right-arrow-thin-large\"><\/i><\/div>\n\t\t\t\t<div style=\"color: #0a0a0a\" class=\"shortcode-slider-pagination\"><\/div><\/div>[\/vc_column][\/vc_row][vc_row css=&#8221;.vc_custom_1589447138653{border-top-width: 5% !important;padding-bottom: 3% !important;}&#8221;][vc_column][vc_column_text]<\/p>\n<h2><\/h2>\n<h3 style=\"text-align: center;\">Cr\u00e9a-protect r\u00e9pond aux besoins des professionnels en s&#8217;adaptant \u00e0 votre cahier des charges :<\/h3>\n<p>&nbsp;<\/p>\n<h5 style=\"text-align: center;\">Qualit\u00e9, sur-mesure, code barre, logo, stock service&#8230;<\/h5>\n<p>[\/vc_column_text][vc_column_text css=&#8221;.vc_custom_1623744850585{padding-top: 2% !important;padding-bottom: 2% !important;}&#8221;]<\/p>\n<h5 style=\"text-align: center;\">NOTRE<b> MISSION :<\/b><\/h5>\n<h5 style=\"text-align: center;\"><b><br \/>\n<\/b><b>Vous apporter le meilleur rapport qualit\u00e9\/prix et la meilleure flexibilit\u00e9 de service !<\/b><\/h5>\n<p>[\/vc_column_text][vc_separator el_width=&#8221;30&#8243;][\/vc_column][\/vc_row][vc_row full_width=&#8221;stretch_row_content&#8221; equal_height=&#8221;yes&#8221; css_animation=&#8221;fadeIn&#8221;][vc_column css_animation=&#8221;fadeIn&#8221; width=&#8221;1\/2&#8243; css=&#8221;.vc_custom_1623418908378{background-image: url(https:\/\/crea-protect.com\/wp-content\/uploads\/2021\/06\/photo-charlotte-site-2-e1623418962912.png?id=3659) !important;background-position: center !important;background-repeat: no-repeat !important;background-size: cover !important;}&#8221; offset=&#8221;vc_hidden-xs&#8221;][vc_column_text css=&#8221;.vc_custom_1623418946152{margin-bottom: 25px !important;padding-top: 25px !important;padding-bottom: 0px !important;padding-left: 65px !important;}&#8221;]<\/p>\n<h3 style=\"text-align: left;\">Gants \u00e0 salade<\/h3>\n<h3 style=\"text-align: left;\">(TPE)<\/h3>\n<p>[\/vc_column_text][vc_column_text css=&#8221;.vc_custom_1623419736179{padding-top: 0px !important;padding-bottom: 280px !important;padding-left: 65px !important;}&#8221;]<\/p>\n<h6 style=\"text-align: left;\"><a href=\"https:\/\/crea-protect.com\/index.php\/produit\/gants-a-salade-tpe\/\" target=\"_blank\" rel=\"noopener noreferrer\"><span style=\"color: #000000;\">D\u00c9COUVRIR &gt;&gt;<\/span><\/a><\/h6>\n<p>[\/vc_column_text][\/vc_column][vc_column css_animation=&#8221;fadeIn&#8221; width=&#8221;1\/2&#8243; css=&#8221;.vc_custom_1623400113161{background-image: url(https:\/\/crea-protect.com\/wp-content\/uploads\/2021\/06\/photo-charlotte-site-1-e1623400092864.png?id=3638) !important;background-position: center !important;background-repeat: no-repeat !important;background-size: cover !important;}&#8221;][vc_column_text css_animation=&#8221;none&#8221; css=&#8221;.vc_custom_1623399842812{margin-bottom: 25px !important;padding-top: 25px !important;padding-bottom: 0px !important;padding-left: 65px !important;}&#8221;]<\/p>\n<h3><span style=\"color: #000000;\">Charlotte <\/span><\/h3>\n<h3><span style=\"color: #000000;\">Jetable<\/span><\/h3>\n<p>[\/vc_column_text][vc_column_text css=&#8221;.vc_custom_1623399903282{padding-top: 0px !important;padding-bottom: 280px !important;padding-left: 65px !important;}&#8221;]<\/p>\n<h6 style=\"text-align: left;\"><span style=\"color: #000000;\"><a style=\"color: #000000;\" href=\"https:\/\/crea-protect.com\/index.php\/produit\/charlotte\/\" target=\"_blank\" rel=\"noopener noreferrer\">D\u00c9COUVRIR &gt;&gt;<\/a><\/span><\/h6>\n<p>[\/vc_column_text][\/vc_column][\/vc_row][vc_row css=&#8221;.vc_custom_1589549776494{padding-top: 10% !important;}&#8221;][vc_column][vc_column_text]<\/p>\n<h2><\/h2>\n<h2 style=\"text-align: center;\">Nos produits<\/h2>\n<p style=\"text-align: center;\">Tout l&#8217;\u00e9quipement n\u00e9cessaire pour votre entreprise.<\/p>\n<p>[\/vc_column_text][vc_separator el_width=&#8221;30&#8243;]<div class=\"woocommerce columns-3 \"><ul class=\"products columns-3\">\n<li class=\"product type-product post-3669 status-publish first instock product_cat-epi product_cat-nos-produits has-post-thumbnail taxable shipping-taxable product-type-simple\">\n\n\t\n    <div class=\"product_thumbnail_wrapper \">\n\n\t\t<a href=\"https:\/\/crea-protect.com\/index.php\/produit\/tablier-jetable\/\" class=\"woocommerce-LoopProduct-link woocommerce-loop-product__link\">\n\n\t        <div class=\"product_thumbnail \">\n\t            <span class=\"product_thumbnail_background\" style=\"\"><\/span>\n\t            <img width=\"746\" height=\"732\" src=\"https:\/\/crea-protect.com\/wp-content\/uploads\/2021\/06\/tablier-impermeable-jetable-eco-1-e1623835281945.png\" class=\"attachment-woocommerce_thumbnail size-woocommerce_thumbnail\" alt=\"Tablier jetable CP\" loading=\"lazy\" srcset=\"https:\/\/crea-protect.com\/wp-content\/uploads\/2021\/06\/tablier-impermeable-jetable-eco-1-e1623835281945.png 746w, https:\/\/crea-protect.com\/wp-content\/uploads\/2021\/06\/tablier-impermeable-jetable-eco-1-e1623835281945-300x294.png 300w\" sizes=\"(max-width: 746px) 100vw, 746px\" \/>\t        <\/div><!--.product_thumbnail-->\n\t\t<\/a>\n\n\t\t\n\t\t\n\t\t\n\t\t\n    <\/div><!--.product_thumbnail_wrapper-->\n\n    \n\t<h2 class=\"woocommerce-loop-product__title\">\n\t\t<a href=\"https:\/\/crea-protect.com\/index.php\/produit\/tablier-jetable\/\">Tablier jetable<\/a>\n\t<\/h2>\n\n\t\n    \n            \n    \n\t\n<\/li>\n<li class=\"product type-product post-3650 status-publish instock product_cat-epi product_cat-nos-produits has-post-thumbnail taxable shipping-taxable product-type-simple\">\n\n\t\n    <div class=\"product_thumbnail_wrapper \">\n\n\t\t<a href=\"https:\/\/crea-protect.com\/index.php\/produit\/manchette-de-protection\/\" class=\"woocommerce-LoopProduct-link woocommerce-loop-product__link\">\n\n\t        <div class=\"product_thumbnail \">\n\t            <span class=\"product_thumbnail_background\" style=\"\"><\/span>\n\t            <img width=\"458\" height=\"458\" src=\"https:\/\/crea-protect.com\/wp-content\/uploads\/2021\/06\/manchette-jetable-impermeable-kalissya.jpg\" class=\"attachment-woocommerce_thumbnail size-woocommerce_thumbnail\" alt=\"manchette jetable CP\" loading=\"lazy\" srcset=\"https:\/\/crea-protect.com\/wp-content\/uploads\/2021\/06\/manchette-jetable-impermeable-kalissya.jpg 458w, https:\/\/crea-protect.com\/wp-content\/uploads\/2021\/06\/manchette-jetable-impermeable-kalissya-300x300.jpg 300w, https:\/\/crea-protect.com\/wp-content\/uploads\/2021\/06\/manchette-jetable-impermeable-kalissya-150x150.jpg 150w, https:\/\/crea-protect.com\/wp-content\/uploads\/2021\/06\/manchette-jetable-impermeable-kalissya-100x100.jpg 100w\" sizes=\"(max-width: 458px) 100vw, 458px\" \/>\t        <\/div><!--.product_thumbnail-->\n\t\t<\/a>\n\n\t\t\n\t\t\n\t\t\n\t\t\n    <\/div><!--.product_thumbnail_wrapper-->\n\n    \n\t<h2 class=\"woocommerce-loop-product__title\">\n\t\t<a href=\"https:\/\/crea-protect.com\/index.php\/produit\/manchette-de-protection\/\">Manchette de protection jetable<\/a>\n\t<\/h2>\n\n\t\n    \n            \n    \n\t\n<\/li>\n<li class=\"product type-product post-3495 status-publish last instock product_cat-epi product_cat-nos-produits has-post-thumbnail featured taxable shipping-taxable product-type-simple\">\n\n\t\n    <div class=\"product_thumbnail_wrapper \">\n\n\t\t<a href=\"https:\/\/crea-protect.com\/index.php\/produit\/3495\/\" class=\"woocommerce-LoopProduct-link woocommerce-loop-product__link\">\n\n\t        <div class=\"product_thumbnail with_second_image\">\n\t            <span class=\"product_thumbnail_background\" style=\"background-image:url(https:\/\/crea-protect.com\/wp-content\/uploads\/2021\/03\/PSD-gants-nitryle-e1623834440706.png)\"><\/span>\n\t            <img width=\"600\" height=\"600\" src=\"https:\/\/crea-protect.com\/wp-content\/uploads\/2021\/03\/gants-d-examen-sensiskin-nitrile-non-poudres-non-sterile-e1622452544381.jpg\" class=\"attachment-woocommerce_thumbnail size-woocommerce_thumbnail\" alt=\"gants-d-examen-sensiskin-nitrile-non-poudres-non-sterile\" loading=\"lazy\" \/>\t        <\/div><!--.product_thumbnail-->\n\t\t<\/a>\n\n\t\t\n\t\t\n\t\t\n\t\t\n    <\/div><!--.product_thumbnail_wrapper-->\n\n    \n\t<h2 class=\"woocommerce-loop-product__title\">\n\t\t<a href=\"https:\/\/crea-protect.com\/index.php\/produit\/3495\/\">Gant en nitrile bleu<\/a>\n\t<\/h2>\n\n\t\n    \n            \n    \n\t\n<\/li>\n<\/ul>\n<\/div>[\/vc_column][\/vc_row][vc_row][vc_column][vc_btn title=&#8221;D\u00e9couvrir nos produits&#8221; style=&#8221;custom&#8221; custom_background=&#8221;#1e73be&#8221; custom_text=&#8221;#ffffff&#8221; size=&#8221;lg&#8221; align=&#8221;center&#8221; link=&#8221;url:https%3A%2F%2Fcrea-protect.com%2Findex.php%2Fcategorie-produit%2Fnos-produits%2F|||&#8221; css=&#8221;.vc_custom_1623743707211{margin-top: 30px !important;margin-bottom: 60px !important;}&#8221;][\/vc_column][\/vc_row][vc_row full_width=&#8221;stretch_row_content_no_spaces&#8221; content_placement=&#8221;middle&#8221; css_animation=&#8221;fadeIn&#8221; css=&#8221;.vc_custom_1623661052863{margin-top: 20px !important;}&#8221;][vc_column css_animation=&#8221;fadeInLeft&#8221; width=&#8221;1\/2&#8243; css=&#8221;.vc_custom_1623059398287{background-position: center !important;background-repeat: no-repeat !important;background-size: cover !important;}&#8221;][vc_single_image image=&#8221;3949&#8243; img_size=&#8221;full&#8221; css_animation=&#8221;fadeInLeft&#8221;][\/vc_column][vc_column css_animation=&#8221;fadeInRight&#8221; width=&#8221;1\/2&#8243; css=&#8221;.vc_custom_1623743964880{background-position: center !important;background-repeat: no-repeat !important;background-size: cover !important;}&#8221;][vc_column_text css_animation=&#8221;fadeInRight&#8221; css=&#8221;.vc_custom_1623661128233{padding-right: 5% !important;padding-left: 5% !important;}&#8221;]<\/p>\n<h3 class=\"black\" style=\"text-align: center;\">Fabriqu\u00e9 dans le respect des normes &amp; dans<br \/>\ndes conditions sanitaires strictes.<\/h3>\n<p>&nbsp;<\/p>\n<p class=\"paragraph-5\" style=\"text-align: center;\">Une \u00e9quipe enti\u00e8re est d\u00e9di\u00e9e \u00e0 la mise en place de solutions pour les professionnels, dans les secteurs de la restauration, de la grande distribution, de l&#8217;agroalimentaire, etc.<\/p>\n<p>[\/vc_column_text][\/vc_column][\/vc_row][vc_row full_width=&#8221;stretch_row_content_no_spaces&#8221; content_placement=&#8221;middle&#8221; css_animation=&#8221;fadeIn&#8221; css=&#8221;.vc_custom_1625482282877{margin-top: 0px !important;margin-bottom: 80px !important;}&#8221;][vc_column css_animation=&#8221;fadeInLeft&#8221; width=&#8221;1\/2&#8243; css=&#8221;.vc_custom_1623059368008{background-position: center !important;background-repeat: no-repeat !important;background-size: cover !important;}&#8221; offset=&#8221;vc_hidden-xs&#8221;][vc_column_text css=&#8221;.vc_custom_1623848561677{padding-right: 5% !important;padding-left: 5% !important;}&#8221;]<\/p>\n<h3 class=\"black\" style=\"text-align: center;\">Une solution de stock service !<\/h3>\n<p>&nbsp;<\/p>\n<p style=\"text-align: center;\">Cr\u00e9a-Protect propose une gestion de vos stocks gr\u00e2ce \u00e0 notre \u00e9quipe logistique. Nous vous proposons une annualisation de vos besoins afin d&#8217;assurer des livraisons r\u00e9guli\u00e8res et des contrats visant \u00e0 optimiser vos co\u00fbts.<\/p>\n<p>[\/vc_column_text][vc_btn title=&#8221;EN SAVOIR PLUS&#8221; style=&#8221;custom&#8221; custom_background=&#8221;#1e73be&#8221; custom_text=&#8221;#ffffff&#8221; size=&#8221;lg&#8221; align=&#8221;center&#8221; css=&#8221;.vc_custom_1623744933499{padding-top: 30px !important;}&#8221; link=&#8221;url:https%3A%2F%2Fcrea-protect.com%2Findex.php%2Fpages-2__trashed%2Fqui-sommes-nous%2F|||&#8221;][\/vc_column][vc_column css_animation=&#8221;fadeInRight&#8221; width=&#8221;1\/2&#8243; css=&#8221;.vc_custom_1623059383016{background-position: center !important;background-repeat: no-repeat !important;background-size: cover !important;}&#8221;][vc_single_image image=&#8221;3706&#8243; img_size=&#8221;full&#8221;][\/vc_column][\/vc_row]<\/p>\n","protected":false},"excerpt":{"rendered":"<p>[vc_row full_width=&#8221;stretch_row_content_no_spaces&#8221; css_animation=&#8221;fadeIn&#8221;][vc_column][\/vc_column][\/vc_row][vc_row css=&#8221;.vc_custom_1589447138653{border-top-width: 5% !important;padding-bottom: 3% !important;}&#8221;][vc_column][vc_column_text] Cr\u00e9a-protect r\u00e9pond aux besoins des professionnels en s&#8217;adaptant \u00e0 votre cahier des charges : &nbsp; Qualit\u00e9, sur-mesure, code barre, logo, stock service&#8230; [\/vc_column_text][vc_column_text css=&#8221;.vc_custom_1623744850585{padding-top: 2% !important;padding-bottom: 2% !important;}&#8221;] NOTRE MISSION : Vous apporter le meilleur rapport qualit\u00e9\/prix et la meilleure flexibilit\u00e9 de service ! [\/vc_column_text][vc_separator el_width=&#8221;30&#8243;][\/vc_column][\/vc_row][vc_row full_width=&#8221;stretch_row_content&#8221; [&hellip;]<\/p>\n","protected":false},"author":1,"featured_media":0,"parent":0,"menu_order":0,"comment_status":"closed","ping_status":"closed","template":"page-boxed.php","meta":{"_monsterinsights_skip_tracking":false,"_monsterinsights_sitenote_active":false,"_monsterinsights_sitenote_note":"","_monsterinsights_sitenote_category":0},"yoast_head":"<!-- This site is optimized with the Yoast SEO plugin v17.0 - https:\/\/yoast.com\/wordpress\/plugins\/seo\/ -->\n<title>Home \u2014 Cr\u00e9a-protect - Cr\u00e9a-protect<\/title>\n<meta name=\"robots\" content=\"index, follow, max-snippet:-1, max-image-preview:large, max-video-preview:-1\" \/>\n<link rel=\"canonical\" href=\"https:\/\/crea-protect.com\/\" \/>\n<meta property=\"og:locale\" content=\"fr_FR\" \/>\n<meta property=\"og:type\" content=\"article\" \/>\n<meta property=\"og:title\" content=\"Home \u2014 Cr\u00e9a-protect - Cr\u00e9a-protect\" \/>\n<meta property=\"og:description\" content=\"[vc_row full_width=&#8221;stretch_row_content_no_spaces&#8221; css_animation=&#8221;fadeIn&#8221;][vc_column][\/vc_column][\/vc_row][vc_row css=&#8221;.vc_custom_1589447138653{border-top-width: 5% !important;padding-bottom: 3% !important;}&#8221;][vc_column][vc_column_text] Cr\u00e9a-protect r\u00e9pond aux besoins des professionnels en s&#8217;adaptant \u00e0 votre cahier des charges : &nbsp; Qualit\u00e9, sur-mesure, code barre, logo, stock service&#8230; [\/vc_column_text][vc_column_text css=&#8221;.vc_custom_1623744850585{padding-top: 2% !important;padding-bottom: 2% !important;}&#8221;] NOTRE MISSION : Vous apporter le meilleur rapport qualit\u00e9\/prix et la meilleure flexibilit\u00e9 de service ! [\/vc_column_text][vc_separator el_width=&#8221;30&#8243;][\/vc_column][\/vc_row][vc_row full_width=&#8221;stretch_row_content&#8221; [&hellip;]\" \/>\n<meta property=\"og:url\" content=\"https:\/\/crea-protect.com\/\" \/>\n<meta property=\"og:site_name\" content=\"Cr\u00e9a-protect\" \/>\n<meta property=\"article:modified_time\" content=\"2021-07-08T12:51:57+00:00\" \/>\n<meta name=\"twitter:card\" content=\"summary_large_image\" \/>\n<meta name=\"twitter:label1\" content=\"Dur\u00e9e de lecture est.\" \/>\n\t<meta name=\"twitter:data1\" content=\"4 minutes\" \/>\n<script type=\"application\/ld+json\" class=\"yoast-schema-graph\">{\"@context\":\"https:\/\/schema.org\",\"@graph\":[{\"@type\":\"WebSite\",\"@id\":\"https:\/\/crea-protect.com\/#website\",\"url\":\"https:\/\/crea-protect.com\/\",\"name\":\"Cr\\u00e9a-protect\",\"description\":\"Cr\\u00e9a-Protect est une soci\\u00e9t\\u00e9 fran\\u00e7aise qui met \\u00e0 disposition des entreprises un savoir-faire et une expertise de sourcing de produits d\\u2019hygi\\u00e8ne, d\\u2019entretien, de protection, d\\u2019EPI etc.\",\"potentialAction\":[{\"@type\":\"SearchAction\",\"target\":{\"@type\":\"EntryPoint\",\"urlTemplate\":\"https:\/\/crea-protect.com\/?s={search_term_string}\"},\"query-input\":\"required name=search_term_string\"}],\"inLanguage\":\"fr-FR\"},{\"@type\":\"WebPage\",\"@id\":\"https:\/\/crea-protect.com\/#webpage\",\"url\":\"https:\/\/crea-protect.com\/\",\"name\":\"Home \\u2014 Cr\\u00e9a-protect - Cr\\u00e9a-protect\",\"isPartOf\":{\"@id\":\"https:\/\/crea-protect.com\/#website\"},\"datePublished\":\"2017-01-10T23:57:03+00:00\",\"dateModified\":\"2021-07-08T12:51:57+00:00\",\"breadcrumb\":{\"@id\":\"https:\/\/crea-protect.com\/#breadcrumb\"},\"inLanguage\":\"fr-FR\",\"potentialAction\":[{\"@type\":\"ReadAction\",\"target\":[\"https:\/\/crea-protect.com\/\"]}]},{\"@type\":\"BreadcrumbList\",\"@id\":\"https:\/\/crea-protect.com\/#breadcrumb\",\"itemListElement\":[{\"@type\":\"ListItem\",\"position\":1,\"name\":\"Accueil\",\"item\":\"https:\/\/crea-protect.com\/\"},{\"@type\":\"ListItem\",\"position\":2,\"name\":\"Home \\u2014 Cr\\u00e9a-protect\"}]}]}<\/script>\n<!-- \/ Yoast SEO plugin. -->","yoast_head_json":{"title":"Home \u2014 Cr\u00e9a-protect - Cr\u00e9a-protect","robots":{"index":"index","follow":"follow","max-snippet":"max-snippet:-1","max-image-preview":"max-image-preview:large","max-video-preview":"max-video-preview:-1"},"canonical":"https:\/\/crea-protect.com\/","og_locale":"fr_FR","og_type":"article","og_title":"Home \u2014 Cr\u00e9a-protect - Cr\u00e9a-protect","og_description":"[vc_row full_width=&#8221;stretch_row_content_no_spaces&#8221; css_animation=&#8221;fadeIn&#8221;][vc_column][\/vc_column][\/vc_row][vc_row css=&#8221;.vc_custom_1589447138653{border-top-width: 5% !important;padding-bottom: 3% !important;}&#8221;][vc_column][vc_column_text] Cr\u00e9a-protect r\u00e9pond aux besoins des professionnels en s&#8217;adaptant \u00e0 votre cahier des charges : &nbsp; Qualit\u00e9, sur-mesure, code barre, logo, stock service&#8230; [\/vc_column_text][vc_column_text css=&#8221;.vc_custom_1623744850585{padding-top: 2% !important;padding-bottom: 2% !important;}&#8221;] NOTRE MISSION : Vous apporter le meilleur rapport qualit\u00e9\/prix et la meilleure flexibilit\u00e9 de service ! [\/vc_column_text][vc_separator el_width=&#8221;30&#8243;][\/vc_column][\/vc_row][vc_row full_width=&#8221;stretch_row_content&#8221; [&hellip;]","og_url":"https:\/\/crea-protect.com\/","og_site_name":"Cr\u00e9a-protect","article_modified_time":"2021-07-08T12:51:57+00:00","twitter_card":"summary_large_image","twitter_misc":{"Dur\u00e9e de lecture est.":"4 minutes"},"schema":{"@context":"https:\/\/schema.org","@graph":[{"@type":"WebSite","@id":"https:\/\/crea-protect.com\/#website","url":"https:\/\/crea-protect.com\/","name":"Cr\u00e9a-protect","description":"Cr\u00e9a-Protect est une soci\u00e9t\u00e9 fran\u00e7aise qui met \u00e0 disposition des entreprises un savoir-faire et une expertise de sourcing de produits d\u2019hygi\u00e8ne, d\u2019entretien, de protection, d\u2019EPI etc.","potentialAction":[{"@type":"SearchAction","target":{"@type":"EntryPoint","urlTemplate":"https:\/\/crea-protect.com\/?s={search_term_string}"},"query-input":"required name=search_term_string"}],"inLanguage":"fr-FR"},{"@type":"WebPage","@id":"https:\/\/crea-protect.com\/#webpage","url":"https:\/\/crea-protect.com\/","name":"Home \u2014 Cr\u00e9a-protect - Cr\u00e9a-protect","isPartOf":{"@id":"https:\/\/crea-protect.com\/#website"},"datePublished":"2017-01-10T23:57:03+00:00","dateModified":"2021-07-08T12:51:57+00:00","breadcrumb":{"@id":"https:\/\/crea-protect.com\/#breadcrumb"},"inLanguage":"fr-FR","potentialAction":[{"@type":"ReadAction","target":["https:\/\/crea-protect.com\/"]}]},{"@type":"BreadcrumbList","@id":"https:\/\/crea-protect.com\/#breadcrumb","itemListElement":[{"@type":"ListItem","position":1,"name":"Accueil","item":"https:\/\/crea-protect.com\/"},{"@type":"ListItem","position":2,"name":"Home \u2014 Cr\u00e9a-protect"}]}]}},"_links":{"self":[{"href":"https:\/\/crea-protect.com\/index.php\/wp-json\/wp\/v2\/pages\/529"}],"collection":[{"href":"https:\/\/crea-protect.com\/index.php\/wp-json\/wp\/v2\/pages"}],"about":[{"href":"https:\/\/crea-protect.com\/index.php\/wp-json\/wp\/v2\/types\/page"}],"author":[{"embeddable":true,"href":"https:\/\/crea-protect.com\/index.php\/wp-json\/wp\/v2\/users\/1"}],"replies":[{"embeddable":true,"href":"https:\/\/crea-protect.com\/index.php\/wp-json\/wp\/v2\/comments?post=529"}],"version-history":[{"count":243,"href":"https:\/\/crea-protect.com\/index.php\/wp-json\/wp\/v2\/pages\/529\/revisions"}],"predecessor-version":[{"id":3951,"href":"https:\/\/crea-protect.com\/index.php\/wp-json\/wp\/v2\/pages\/529\/revisions\/3951"}],"wp:attachment":[{"href":"https:\/\/crea-protect.com\/index.php\/wp-json\/wp\/v2\/media?parent=529"}],"curies":[{"name":"wp","href":"https:\/\/api.w.org\/{rel}","templated":true}]}}